et d(p) = p - 1. Suppose 0 = -5*i + 6 + 4. Let w be d(i). What is f(w)?
1
Let h(w) = w**3 - 4*w**2 + w - 7. Let v(l) = 1. Let g(k) = -h(k) - 5*v(k). Let m = -5 - -8. Calculate g(m).
8
Let n(r) be the first derivative of 2*r**4 + r**3/3 - r**2/2 - r - 1. Let y(p) = -p + 1. Let x be y(-4). Suppose -x*k + 5 = 10. Determine n(k).
-7
Suppose 4*c + 8 = 4*p, -4*p + 4*c = -3*p - 11. Let j be -2 + 3 + 5/p. Let a(y) = y + 7. Let s(t) = -1. Let x(u) = -a(u) + 2*s(u). Calculate x(j).
-5
Suppose -7 = -s + i, 3*s - 16 = -s + i. Let c(q) = -q - q**2 - 2*q**3 + 8*q**s - 1 - q**3. Let y be (-40)/30 - (-2)/6. What is c(y)?
-6
Let t(y) = y**3 - 3*y**2 - 6*y + 4. Let f = 47 - 43. Determine t(f).
-4
Suppose 2*z + q + 1 = 0, 3*z - 3*q + 9 = -7*q. Let u be 3/(6/(-3) + z). Let v(t) = t**3 + 4*t**2 + t - 4. Calculate v(u).
2
Suppose -2*b + 9 = b. Let f(t) = -2*t**2 + 5*t + 4. Let m be f(4). Let p = m + b. Let h(g) = -g + 1. What is h(p)?
6
Let c(d) be the third derivative of d**8/20160 - d**7/1008 + d**6/720 - d**5/12 - 2*d**2. Let k(u) be the third derivative of c(u). Determine k(5).
1
Suppose -10*h = -13*h + 18. Let r(y) = 5*y + y - 3 - 2*y**2 + y**2. Determine r(h).
-3
Let v = 23 + -23. Let r(a) be the third derivative of -2*a**2 + 1/30*a**5 + 1/12*a**4 - 1/120*a**6 + v*a + 0 + 1/6*a**3. Calculate r(3).
-2
Let q be (2/6)/((-2)/(-12)). Let c(v) = q*v**2 + 0*v - 2 + 1 + v**3 - 2*v. Give c(-3).
-4
Suppose -4*b = 3*h + b + 2, -2*h - 2*b - 4 = 0. Let d be -2*2 - (h - 5). Let x(a) = -2*a**2 + 8*a - 3. What is x(d)?
-13
Let s(k) = -k. Suppose 0*p + 2*p = 10. Let j = p + -2. Let f be s(j). Let z(u) = -u**3 - 3*u**2 + 2*u + 1. Give z(f).
-5
Let d(a) = -5*a**2 + 2*a + 1. Let k be (-2)/3 - (-2)/(-6). Calculate d(k).
-6
Suppose 0 = 2*s - 1 - 7. Suppose -3*k - 2 = 2*k + 4*c, s*k + 5*c + 7 = 0. Let d be (k + 6/(-5))*-5. Let j(r) = -r**3 - 5*r**2 - 5*r. Determine j(d).
4
Let g(u) = -5*u. Let z be g(-1). Suppose -2*n + c - 1 = 4, 7 = 2*n - z*c. Let v(r) = 2*r. Let a(t) = 6*t + 1. Let k(j) = 3*a(j) - 8*v(j). Give k(n).
-5
Let n(c) = c**2 + c + 7. Let x(q) = 5*q**3 + 14*q**2 + 14*q + 13. Let p(k) = k**3 + k**2 + k + 1. Let u(t) = 4*p(t) - x(t). Let i be u(-9). Determine n(i).
7
Let i = 85 - 78. Let o(g) = -g**2 + 7*g + 2. What is o(i)?
2
Let h(x) be the first derivative of -x**4/4 - 2*x**3 - 5*x**2/2 + 4*x - 6. Calculate h(-4).
-8
Let u(z) = -z**3 + 7*z**2 - 6*z + 1. Let o be u(6). Let g = o + -5. Let x(v) = -v**3 - 3*v**2 + 2*v - 2. What is x(g)?
6
Let a(o) = 4*o**3 - o**2 + o. Let h(i) = i. Let j(w) = a(w) - h(w). Calculate j(1).
3
Let t(y) = -2*y**2 - 2*y + 2. Let w(x) = 5 + 0*x + 4*x - 5*x + 2. Let k be w(5). Suppose 3*a - u = k*u + 6, 5*u + 13 = 4*a. Give t(a).
-10
Let g(l) = -l + 3. Let u be g(-3). Suppose -u - 2 = 4*a. Let k be a + -1 - (-4)/2. Let s(c) = -8*c**3. Give s(k).
8
Let j = -42 + 45. Let f(s) = -s**3 + 3*s**2 - s + 3. Give f(j).
0
Let b(z) = -8 - 2*z + 0*z + z**2 + z. Let g = 9 - 9. Give b(g).
-8
Suppose 0 = 2*s + 3*s - 20, -4*s = 3*v - 28. Let r(n) = n**3 - v*n - n - 3 - 2*n**3 + 6*n**2 + n. What is r(4)?
13
Let p(a) = a**2 - 1. Let k(z) = 2*z**2 - z - 1. Let r(i) = -2*k(i) + 3*p(i). Let o(t) = 4*t + 19. Let b be o(-4). Determine r(b).
-4
Let r be -8 - (3 + -2) - 3. Let v = r - -6. Let u(w) = -w**3 - 5*w**2 + 6*w + 3. Give u(v).
3
Let v(x) be the first derivative of -x**5/20 + 7*x**4/12 - x**3/6 + x**2/2 - 5*x + 4. Let u(w) be the first derivative of v(w). Give u(7).
-6
Suppose 4*d = -5*d - 63. Let b(u) = -u**3 - 6*u**2 + 8*u - 5. Give b(d).
-12
Let k(h) = h**3 + 9*h**2 + 9*h + 2. Let p be k(-8). Let g(i) = -i + 11. Let s(v) = -v + 12. Let d(r) = p*s(r) + 7*g(r). Calculate d(5).
0
Let g(t) = 2*t + 19. Let w(s) = s + 9. Let o(q) = 2*g(q) - 5*w(q). Calculate o(-3).
-4
Let o(t) = t**2 + 2*t + 1. Suppose 0 = -3*i + 3*f + 3, 12 = 3*i + 3*f + 3. Let s(q) = 5*q + i*q**2 - 1 + q**2 + q**3 + 3*q**2. Let g be s(-5). What is o(g)?
0
Let o(n) = -2*n + 5*n - 4*n. Give o(-1).
1
Let n(x) = -x**3 + 4*x**2 - 2*x + 4. Suppose -4*j = -4, 0 = 5*m - 4*j - 1 - 0. Suppose -w + 2 = -m. What is n(w)?
7
Let y(s) = s**3 - 3*s**2 - 4*s - 5. Let o be y(4). Let i(b) = -5*b**2 - 2*b + 3. Let g(k) = -10*k**2 - 3*k + 5. Let f(l) = o*i(l) + 3*g(l). Calculate f(-1).
-6
Let i be ((-4)/((-4)/3))/1. Let t(z) = -2 + 2 + 3*z + z**2 - 3*z**2 + 1. What is t(i)?
-8
Let i(n) = n**2 - 10*n - 15. Suppose -m + 0*m + 11 = 0. Let d be i(m). Let u(v) = v**2 + 4*v + 3. Give u(d).
3
Let h(w) = -w - 4*w**3 - w**3 + 4*w**3 + 7 + 4*w - 5*w**2. What is h(-5)?
-8
Let j(l) = -2 - l - l + l. Let d = 7 - 7. Determine j(d).
-2
Let v = 6 - 4. Let q(k) = -3*k**v + 0*k - 4*k + 3 + 4*k**2. Let p(z) = -z**2 + 3*z + 3. Let w be p(3). What is q(w)?
0
Let f(y) = 6*y - 6. Let v(i) = -i. Let q(o) = -f(o) - 3*v(o). Give q(4).
-6
Let b(a) = -a. Let y(l) = -9*l - 1. Let o(c) = -6*b(c) + y(c). Let g(k) = -k + 6. Let i be g(3). Suppose -3 - i = 3*v. Calculate o(v).
5
Let w(u) be the first derivative of -2*u + 0*u**2 + 1/4*u**4 + 5/3*u**3 + 5. Determine w(-5).
-2
Let h(g) = g**2 + 6*g - 7. Let v be h(-8). Let i = v - 14. Let f(u) = -20*u - 27. Let l(m) = 7*m + 9. Let y(b) = -6*f(b) - 17*l(b). Calculate y(i).
4
Let g(t) = t**3 - 5*t**2 - t + 1. Suppose -y + 5*y + 36 = 4*r, 2 = -2*r - 2*y. Suppose 2*s - 2*u - 19 = u, r*s - 3*u - 29 = 0. Determine g(s).
-4
Let l(y) = -50*y + y**2 - 6*y**3 + 50*y. Give l(-1).
7
Let m(r) = -3*r - 1. Let o(g) be the first derivative of 2*g**2 + 3. Let y(n) = -3*m(n) - 2*o(n). Determine y(-6).
-3
Let j = -29 + 27. Let s(o) = -2*o**2 - o - 1. Give s(j).
-7
Suppose 7*x + 4*v - 24 = 3*x, 0 = x - 5*v + 6. Let l(c) = -c**3 - 1 + 2*c - x*c**2 + 2 + 2*c**2. Let n(u) = -u**3 + 2*u**2 - u. Let m be n(2). What is l(m)?
-3
Let q = 1 - -3. Let w(y) = 4*y + q*y**2 - 4*y + y**3 - 6 - 5*y + 0*y**3. Calculate w(-5).
-6
Let j(h) be the third derivative of h**4/24 - h**3/2 + 21*h**2. Give j(5).
2
Let a(w) = 5*w**2 - 5*w + 4. Let x be a(1). Let r(n) = n**3 - 4*n**2 + n - 3. Calculate r(x).
1
Let x be (-105)/14 - 2/4. Let z be x - 1 - (-2 - 1). Let p(q) = q + 7. Calculate p(z).
1
Suppose 0 = 4*g - 2*r + 42 - 8, g - 3*r = -6. Let v = -5 - g. Suppose 3*w - 4*m - 28 + 11 = 0, -5*m = -v*w + 22. Let d(y) = -y**3 + 3*y**2 - 2*y + 2. Give d(w).
-4
Let l(o) be the second derivative of -o**3/6 + 5*o**2/2 - 7*o. What is l(5)?
0
Let j(o) be the third derivative of -o**8/6720 - o**7/315 - o**6/90 - o**5/60 - o**4/4 - 2*o**2. Let b(t) be the second derivative of j(t). What is b(-7)?
5
Let r(d) = -4*d + 3. Suppose b - 2*j = 6, 4*j - j = 4*b - 14. Suppose -4*o + 5*v = -3, 2*o - 3*v + 1 = o. Suppose 2*p - o = b. Calculate r(p).
-5
Let n(j) = 3*j**2 + j. Let c(r) = -2*r**2 + 7*r - 6. Let h(t) = t**2 - t + 1. Let i(x) = -c(x) - 6*h(x). Let d(p) = -2*i(p) - 3*n(p). Determine d(-1).
0
Let i(d) be the third derivative of -d**4/24 - 13*d**3/6 - 14*d**2. What is i(-9)?
-4
Let m(z) = -z + 4. Suppose -g - 4*g = 0. Suppose -13 = -n + 3*r, -3*n + g*r = 5*r + 3. Suppose 2*s = 4*v + v - 20, 0 = n*v + 2*s + 2. Calculate m(v).
2
Let z(l) = -l - 6. Let d be (-4)/(-16)*4*0. Give z(d).
-6
Let u(z) be the first derivative of 7*z**2/2 - 3*z + 9. Give u(2).
11
Let v(z) = -z**3 + 5*z**2 + 7*z - 9. Let b = -3 - -7. Suppose -b*d = 2*c - 0*c + 4, 5*c = 4*d + 46. Determine v(c).
-3
Let l(z) be the first derivative of -3 + 2*z**2 - z**2 + 8 - 2*z**2 - 4*z. What is l(5)?
-14
Let r(a) = -3*a**2 - 2*a + 1. Suppose 4*s = -s - 10, s = 3*y - 14. Suppose -y*w - 17 = 5*v + 4, 3*w = 4*v + 23. Give r(w).
-4
Let x(g) = g**3 - 2*g**2 - 5*g + 1. Let o = -36 + 40. What is x(o)?
13
Let r(t) be the second derivative of -t**2 + 4*t + 0 - 1/3*t**3. Give r(-2).
2
Let y(u) = -u - 12. Let w be y(-9). Let o(z) = -7*z**3 - 3*z**2 + 3*z - 2. Let j(s) = -20*s**3 - 9*s**2 + 8*s - 6. Let a(l) = -6*j(l) + 17*o(l). Determine a(w).
-7
Let x = 11 - 21. Let t = 5 + x. Let c(b) = -7 + 6 - 6*b - b**3 - 6*b**2 + 6. Determine c(t).
10
Let l(v) = v**2 - 12*v + 3. Let t be l(12). Let a(f) = 5*f + 5*f**2 - f**3 + 2*f**t - 2*f**3 - 4*f - 7. What is a(5)?
-2
Let g(z) = 0*z - 4*z + 2*z**2 + 7 - 4 - 1. Determine g(2).
2
Suppose -5*d - 24 = p - 2*p, -4*d - 30 = -2*p. Let u(y) = 6 - 8*y - y**3 - 6*y**2 - 4 - p. What is u(-5)?
8
Suppose 0 = -m - 3*y - 12, -2*m + 6*m = -2*y - 18. Let t = 1 - m. Let n = t - 8. Let u(